divided by 426259.
6
Calculate the remainder when 50986 is divided by 217.
208
Calculate the remainder when 211991 is divided by 584.
583
What is the remainder when 10322 is divided by 333?
332
What is the remainder when 9117627 is divided by 9?
6
Calculate the remainder when 15164 is divided by 12.
8
Calculate the remainder when 15564 is divided by 5095.
279
Calculate the remainder when 8837 is divided by 804.
797
Calculate the remainder when 7741 is divided by 772.
21
Calculate the remainder when 11821 is divided by 5895.
31
Calculate the remainder when 121153 is divided by 1165.
1158
What is the remainder when 47629 is divided by 109?
105
What is the remainder when 29464 is divided by 106?
102
Calculate the remainder when 1873 is divided by 935.
3
Calculate the remainder when 750 is divided by 79.
39
Calculate the remainder when 29069 is divided by 2235.
14
What is the remainder when 20939 is divided by 78?
35
What is the remainder when 46730 is divided by 36?
2
What is the remainder when 4504 is divided by 31?
9
Calculate the remainder when 898 is divided by 81.
7
Calculate the remainder when 4242 is divided by 334.
234
Calculate the remainder when 100126 is divided by 260.
26
What is the remainder when 6545 is divided by 963?
767
What is the remainder when 80572 is divided by 24?
4
Calculate the remainder when 406221 is divided by 4145.
11
What is the remainder when 13018 is divided by 14?
12
What is the remainder when 75248 is divided by 886?
824
Calculate the remainder when 2077 is divided by 186.
31
Calculate the remainder when 5145 is divided by 44.
41
Calculate the remainder when 2228 is divided by 205.
178
What is the remainder when 57944 is divided by 32?
24
What is the remainder when 235043 is divided by 117483?
77
Calculate the remainder when 12398 is divided by 37.
3
What is the remainder when 358932 is divided by 17?
11
What is the remainder when 129276 is divided by 37?
35
What is the remainder when 19768 is divided by 6236?
1060
Calculate the remainder when 20208 is divided by 235.
233
What is the remainder when 9905 is divided by 124?
109
Calculate the remainder when 228261 is divided by 71.
67
Calculate the remainder when 32863 is divided by 165.
28
Calculate the remainder when 90019 is divided by 277.
271
What is the remainder when 2508 is divided by 853?
802
What is the remainder when 394376 is divided by 126?
122
Calculate the remainder when 3336 is divided by 1171.
994
Calculate the remainder when 48801 is divided by 1679.
110
What is the remainder when 52327 is divided by 805?
2
Calculate the remainder when 1026 is divided by 166.
30
Calculate the remainder when 7162 is divided by 353.
102
What is the remainder when 31863 is divided by 31?
26
Calculate the remainder when 13754 is divided by 913.
59
Calculate the remainder when 51876 is divided by 4321.
24
What is the remainder when 49211 is divided by 270?
71
What is the remainder when 143693 is divided by 5986?
29
What is the remainder when 38877 is divided by 1496?
1477
What is the remainder when 3691 is divided by 59?
33
Calculate the remainder when 176839 is divided by 9.
7
What is the remainder when 7545 is divided by 582?
561
What is the remainder when 171932 is divided by 1809?
77
Calculate the remainder when 3072 is divided by 239.
204
Calculate the remainder when 3054 is divided by 3001.
53
Calculate the remainder when 1287509 is divided by 34.
31
What is the remainder when 163349 is divided by 594?
593
What is the remainder when 170683 is divided by 254?
249
What is the remainder when 24104 is divided by 360?
344
Calculate the remainder when 47572 is divided by 7928.
4
What is the remainder when 120753 is divided by 120750?
3
What is the remainder when 68763 is divided by 85?
83
Calculate the remainder when 34540 is divided by 3139.
11
Calculate the remainder when 32762 is divided by 203.
79
Calculate the remainder when 69281 is divided by 79.
77
Calculate the remainder when 162755 is divided by 81371.
13
Calculate the remainder when 60733 is divided by 347.
8
What is the remainder when 2083 is divided by 450?
283
What is the remainder when 1566 is divided by 285?
141
Calculate the remainder when 4335 is divided by 155.
150
Calculate the remainder when 152933 is divided by 708.
5
Calculate the remainder when 769327 is divided by 209.
207
What is the remainder when 395864 is divided by 131943?
35
What is the remainder when 21454 is divided by 61?
43
What is the remainder when 27054 is divided by 13?
1
Calculate the remainder when 8318 is divided by 1974.
422
Calculate the remainder when 15417 is divided by 1532.
97
Calculate the remainder when 374510 is divided by 1498.
10
What is the remainder when 30693 is divided by 8?
5
Calculate the remainder when 2565 is divided by 509.
20
What is the remainder when 84843 is divided by 85?
13
What is the remainder when 3942 is divided by 11?
4
What is the remainder when 12148 is divided by 5967?
214
What is the remainder when 12663 is divided by 12488?
175
What is the remainder when 37734 is divided by 2374?
2124
What is the remainder when 40291 is divided by 5035?
11
What is the remainder when 69894 is divided by 146?
106
Calculate the remainder when 3017 is divided by 27.
20
What is the remainder when 103662 is divided by 98?
76
Calculate the remainder when 6956 is divided by 58.
54
Calculate the remainder when 7172 is divided by 1020.
32
Calculate the remainder when 14015 is divided by 13670.
345
Calculate the remainder when 445360 is divided by 61.
60
Calculate the remainder when 786364 is divided by 79.
77
Calculate the remainder when 498374 is divided by 443.
442
Calculate the remainder when 5348 is divided by 358.
336
What is the remainder when 67364 is divided by 11213?
86
Calculate the remainder when 424 is divided by 47.
1
What is the remainder when 23680 is divided by 4735?
5
What is the remainder when 20599 is divided by 63?
61
What is the remainder when 63293 is divided by 22?
21
Calculate the remainder when 53074 is divided by 32.
18
Calculate the remainder when 2351 is divided by 861.
629
Calculate the remainder when 484076 is divided by 60.
56
Calculate the remainder when 168523 is divided by 321.
319
What is the remainder when 16787 is divided by 181?
135
What is the remainder when 17690 is divided by 8805?
80
Calculate the remainder when 6671689 is divided by 1478.
1475
What is the remainder when 263805 is divided by 370?
365
Calculate the remainder when 110703 is divided by 671.
659
What is the remainder when 2941 is divided by 148?
129
What is the remainder when 735 is divided by 147?
0
What is the remainder when 10090 is divided by 100?
90
Calculate the remainder when 1098 is divided by 402.
294
What is the remainder when 17383 is divided by 26?
15
Calculate the remainder when 47959 is divided by 22.
21
What is the remainder when 3318 is divided by 827?
10
What is the remainder when 400 is divided by 146?
108
What is the remainder when 12415 is divided by 185?
20
Calculate the remainder when 2485962 is divided by 295.
292
What is the remainder when 2474 is divided by 801?
71
Calculate the remainder when 10783 is divided by 2132.
123
What is the remainder when 2482 is divided by 2433?
49
Calculate the remainder when 2509123 is divided by 15.
13
What is the remainder when 33203 is divided by 2766?
11
What is the remainder when 2400 is divided by 32?
0
What is the remainder when 8730 is divided by 175?
155
Calculate the remainder when 8198 is divided by 3587.
1024
What is the remainder when 22930 is divided by 880?
50
What is the remainder when 18300 is divided by 11?
7
Calculate the remainder when 624147 is divided by 124825.
22
Calculate the remainder when 859 is divided by 434.
425
What is the remainder when 21037 is divided by 2629?
5
What is the remainder when 803521 is divided by 96?
1
What is the remainder when 592920 is divided by 11?
9
Calculate the remainder when 5886 is divided by 653.
9
What is the remainder when 2498 is divided by 22?
12
What is the remainder when 1040 is divided by 163?
62
Calculate the remainder when 390559 is divided by 19.
14
What is the remainder when 319 is divided by 21?
4
Calculate the remainder when 9611 is divided by 480.
11
What is the remainder when 18941 i